{"id":2391,"date":"2025-10-08T18:59:06","date_gmt":"2025-10-08T16:59:06","guid":{"rendered":"https:\/\/centrumsamopomocy.pl\/latarnik\/?page_id=2391"},"modified":"2026-02-27T14:00:25","modified_gmt":"2026-02-27T13:00:25","slug":"kontakt","status":"publish","type":"page","link":"https:\/\/centrumsamopomocy.pl\/latarnik\/?page_id=2391","title":{"rendered":"Kontakt"},"content":{"rendered":"\n<p>Zapraszamy do kontaktu z Pracowni\u0105 Latarnik.<\/p>\n\n\n\n<h3 class=\"wp-block-heading\">Adres biura i korespondencyjny<\/h3>\n\n\n\n<p><strong>Pracownia Latarnik<\/strong> &#8211; ul. Warszawska 76, 81-309 Gdynia.<\/p>\n\n\n<p><iframe loading=\"lazy\" style=\"border: 0;\" src=\"https:\/\/www.google.com\/maps\/embed?pb=!1m18!1m12!1m3!1d241.8359775502675!2d18.531899302591597!3d54.51239059246872!2m3!1f0!2f0!3f0!3m2!1i1024!2i768!4f13.1!3m3!1m2!1s0x46fda72e81f365f5%3A0xe4477d8225e26349!2sWarszawska%2076%2C%2081-309%20Gdynia!5e1!3m2!1spl!2spl!4v1759942603720!5m2!1spl!2spl\" width=\"800\" height=\"600\" allowfullscreen=\"allowfullscreen\"><\/iframe><\/p>\n\n\n<h3 class=\"wp-block-heading\">Kontakt e-mailowy i telefoniczny<\/h3>\n\n\n\n<p>W sprawach dotycz\u0105cych funkcjonowania Pracowni oraz wsp\u00f3\u0142pracy prosimy o kontakt z naszym zespo\u0142em:<\/p>\n\n\n\n<ul class=\"wp-block-list\">\n<li><strong>Przemys\u0142aw Szczygie\u0142:<\/strong> <a href=\"mailto:p.szczygiel@cs-gdynia.pl\" target=\"_blank\" rel=\"noreferrer noopener\">p.szczygiel@cs-gdynia.pl<\/a>, tel. 501 282 480;<\/li>\n\n\n\n<li><strong>Andrzej K\u0119dzierski:<\/strong> <a href=\"mailto:a.kedzierski@cs-gdynia.pl\" target=\"_blank\" rel=\"noreferrer noopener\">a.kedzierski@cs-gdynia.pl<\/a>; tel. 507 934 161.<\/li>\n<\/ul>\n\n\n\n<p><\/p>\n","protected":false},"excerpt":{"rendered":"<p>Zapraszamy do kontaktu z Pracowni\u0105 Latarnik. Adres biura i korespondencyjny Pracownia Latarnik &#8211; ul. Warszawska 76, 81-309 Gdynia. Kontakt e-mailowy i telefoniczny W sprawach dotycz\u0105cych funkcjonowania Pracowni oraz wsp\u00f3\u0142pracy prosimy o kontakt z naszym zespo\u0142em:<\/p>\n","protected":false},"author":1,"featured_media":0,"parent":0,"menu_order":0,"comment_status":"closed","ping_status":"closed","template":"","meta":{"_monsterinsights_skip_tracking":false,"_monsterinsights_sitenote_active":false,"_monsterinsights_sitenote_note":"","_monsterinsights_sitenote_category":0,"footnotes":""},"class_list":["post-2391","page","type-page","status-publish","hentry"],"aioseo_notices":[],"magazineBlocksPostFeaturedMedia":{"thumbnail":false,"medium":false,"medium_large":false,"large":false,"1536x1536":false,"2048x2048":false},"magazineBlocksPostAuthor":{"name":"Pracownia Latarnik","avatar":"https:\/\/secure.gravatar.com\/avatar\/4d57a8b00d097dc665b1acf25e79882e15157ad223521db56d2ecbf772fa5174?s=96&d=mm&r=g"},"magazineBlocksPostCommentsNumber":false,"magazineBlocksPostExcerpt":"Zapraszamy do kontaktu z Pracowni\u0105 Latarnik. Adres biura i korespondencyjny Pracownia Latarnik &#8211; ul. Warszawska 76, 81-309 Gdynia. Kontakt e-mailowy i telefoniczny W sprawach dotycz\u0105cych funkcjonowania Pracowni oraz wsp\u00f3\u0142pracy prosimy o kontakt z naszym zespo\u0142em:","magazineBlocksPostCategories":[],"magazineBlocksPostViewCount":0,"magazineBlocksPostReadTime":1,"_links":{"self":[{"href":"https:\/\/centrumsamopomocy.pl\/latarnik\/index.php?rest_route=\/wp\/v2\/pages\/2391","targetHints":{"allow":["GET"]}}],"collection":[{"href":"https:\/\/centrumsamopomocy.pl\/latarnik\/index.php?rest_route=\/wp\/v2\/pages"}],"about":[{"href":"https:\/\/centrumsamopomocy.pl\/latarnik\/index.php?rest_route=\/wp\/v2\/types\/page"}],"author":[{"embeddable":true,"href":"https:\/\/centrumsamopomocy.pl\/latarnik\/index.php?rest_route=\/wp\/v2\/users\/1"}],"replies":[{"embeddable":true,"href":"https:\/\/centrumsamopomocy.pl\/latarnik\/index.php?rest_route=%2Fwp%2Fv2%2Fcomments&post=2391"}],"version-history":[{"count":6,"href":"https:\/\/centrumsamopomocy.pl\/latarnik\/index.php?rest_route=\/wp\/v2\/pages\/2391\/revisions"}],"predecessor-version":[{"id":2641,"href":"https:\/\/centrumsamopomocy.pl\/latarnik\/index.php?rest_route=\/wp\/v2\/pages\/2391\/revisions\/2641"}],"wp:attachment":[{"href":"https:\/\/centrumsamopomocy.pl\/latarnik\/index.php?rest_route=%2Fwp%2Fv2%2Fmedia&parent=2391"}],"curies":[{"name":"wp","href":"https:\/\/api.w.org\/{rel}","templated":true}]}}